{"id":244,"date":"2013-05-31T21:27:24","date_gmt":"2013-05-31T19:27:24","guid":{"rendered":"http:\/\/localhost\/wp1\/?page_id=2"},"modified":"2014-06-12T20:38:48","modified_gmt":"2014-06-12T20:38:48","slug":"epigraph","status":"publish","type":"page","link":"https:\/\/ironfist.hu\/hu\/","title":{"rendered":"Epigramma"},"content":{"rendered":"<p><\/p>\n<h4 align=\"RIGHT\"><em>Minden visszat\u00e9r a hely\u00e9re!<br \/>\nA b\u00f6lcsess\u00e9g a tud\u00e1s t\u00fasza,<br \/>\naz \u00f6nmegismer\u00e9s \u00fatja az igazi,<br \/>\naz \u00f6nmag\u00e1hoz visszat\u00e9rt a gy\u0151ztes.<br \/>\nA b\u00f6lcs, igazi utat j\u00e1r\u00f3 \u00e9s<br \/>\n\u00f6nmag\u00e1hoz visszat\u00e9rt \u2013 a mindenhat\u00f3!<\/em><\/h4>\n<p align=\"JUSTIFY\">Sok\u00e1ig a megfiatal\u00edt\u00e1s titka \u2014 k\u00f3rokt\u0151l val\u00f3 megszabadul\u00e1s, nagy \u00e9lethossz \u2014 rejtett intrik\u00e1k \u00e9s f\u00e9lre\u00e9rt\u00e9s f\u00e1tyla m\u00f6g\u00f6tt maradt. De elj\u00f6n az id\u0151, \u00e9s a titkos nyilv\u00e1nval\u00f3v\u00e1 v\u00e1lik. Aktu\u00e1lis \u00e9s elv\u00e1rt, j\u00f6n \u00e9s h\u00f3d\u00edt, megadva az embereknek a teljes \u00e9s szabad \u00e9let \u00f6r\u00f6m\u00e9t. Az \u00e9lethez visszat\u00e9r\u00edt\u0151 m\u0171v\u00e9szet mag\u00e1ban az emberben rejlik. Az embert meghat\u00e1roz\u00f3 d\u00f6nt\u0151 t\u00e9nyez\u0151 \u2014 az ember maga. M\u00e9lyen kell meg\u00e9rteni \u00e9s r\u00e1j\u00f6nni, hogy &#8222;a Test \u00e9s a L\u00e9lek \u00fajj\u00e1sz\u00fclet\u00e9se&#8221; \u00e1lm\u00e1nak a megval\u00f3s\u00edt\u00e1sa nem al\u00e1zza meg a m\u00e9lt\u00f3s\u00e1godat: hiszen mi lehet er\u0151sebb, mint az \u00e9let \u2014 csakis az \u00e9let maga. Minden embernek megvan a v\u00e1laszt\u00e1si lehet\u0151s\u00e9ge, de milyen ir\u00e1nyban? A v\u00e1rt ir\u00e1ny\u00e1ba, vagy nem? Mindenkinek joga van d\u00f6nteni. Az ember meg van \u00e1ldva elm\u00e9vel, \u00e9s ezzel \u2014 a j\u00f6v\u0151vel. Sz\u00fcks\u00e9ges n\u00e9mi karakter, \u00e9lni-akar\u00e1s, \u00e9s ha k\u00e9sz erre \u2014 \u00fagy \u00e9lni, ahogy \u00e9n.<\/p>\n<p align=\"RIGHT\"><em>VADIJ\u00c1NC JURIJ LEVONOVICS<\/em><\/p>\n<p><\/p>","protected":false},"excerpt":{"rendered":"<p>Minden visszat\u00e9r a hely\u00e9re! A b\u00f6lcsess\u00e9g a tud\u00e1s t\u00fasza, az \u00f6nmegismer\u00e9s \u00fatja az igazi, az \u00f6nmag\u00e1hoz visszat\u00e9rt a gy\u0151ztes. A b\u00f6lcs, igazi utat j\u00e1r\u00f3 \u00e9s \u00f6nmag\u00e1hoz visszat\u00e9rt \u2013 a mindenhat\u00f3! Sok\u00e1ig a megfiatal\u00edt\u00e1s titka \u2014 k\u00f3rokt\u0151l val\u00f3 megszabadul\u00e1s, nagy \u00e9lethossz &hellip;<\/p>\n<p class=\"read-more\"> <a class=\"more-link\" href=\"https:\/\/ironfist.hu\/hu\/\"> <span class=\"screen-reader-text\">Epigramma<\/span> Tov\u00e1bb &raquo;<\/a><\/p>\n","protected":false},"author":1,"featured_media":0,"parent":0,"menu_order":100,"comment_status":"closed","ping_status":"closed","template":"full-width-page.php","meta":{"footnotes":""},"class_list":["post-244","page","type-page","status-publish","hentry"],"_links":{"self":[{"href":"https:\/\/ironfist.hu\/hu\/wp-json\/wp\/v2\/pages\/244"}],"collection":[{"href":"https:\/\/ironfist.hu\/hu\/wp-json\/wp\/v2\/pages"}],"about":[{"href":"https:\/\/ironfist.hu\/hu\/wp-json\/wp\/v2\/types\/page"}],"author":[{"embeddable":true,"href":"https:\/\/ironfist.hu\/hu\/wp-json\/wp\/v2\/users\/1"}],"replies":[{"embeddable":true,"href":"https:\/\/ironfist.hu\/hu\/wp-json\/wp\/v2\/comments?post=244"}],"version-history":[{"count":2,"href":"https:\/\/ironfist.hu\/hu\/wp-json\/wp\/v2\/pages\/244\/revisions"}],"predecessor-version":[{"id":552,"href":"https:\/\/ironfist.hu\/hu\/wp-json\/wp\/v2\/pages\/244\/revisions\/552"}],"wp:attachment":[{"href":"https:\/\/ironfist.hu\/hu\/wp-json\/wp\/v2\/media?parent=244"}],"curies":[{"name":"wp","href":"https:\/\/api.w.org\/{rel}","templated":true}]}}

<p></p>
<h4 align="RIGHT"><em>Minden visszatér a helyére!<br />
A bölcsesség a tudás túsza,<br />
az önmegismerés útja az igazi,<br />
az önmagához visszatért a győztes.<br />
A bölcs, igazi utat járó és<br />
önmagához visszatért – a mindenható!</em></h4>
<p align="JUSTIFY">Sokáig a megfiatalítás titka — kóroktől való megszabadulás, nagy élethossz — rejtett intrikák és félreértés fátyla mögött maradt. De eljön az idő, és a titkos nyilvánvalóvá válik. Aktuális és elvárt, jön és hódít, megadva az embereknek a teljes és szabad élet örömét. Az élethez visszatérítő művészet magában az emberben rejlik. Az embert meghatározó döntő tényező — az ember maga. Mélyen kell megérteni és rájönni, hogy &#8222;a Test és a Lélek újjászületése&#8221; álmának a megvalósítása nem alázza meg a méltóságodat: hiszen mi lehet erősebb, mint az élet — csakis az élet maga. Minden embernek megvan a választási lehetősége, de milyen irányban? A várt irányába, vagy nem? Mindenkinek joga van dönteni. Az ember meg van áldva elmével, és ezzel — a jövővel. Szükséges némi karakter, élni-akarás, és ha kész erre — úgy élni, ahogy én.</p>
<p align="RIGHT"><em>VADIJÁNC JURIJ LEVONOVICS</em></p>
<p></p>

<p>Minden visszatér a helyére! A bölcsesség a tudás túsza, az önmegismerés útja az igazi, az önmagához visszatért a győztes. A bölcs, igazi utat járó és önmagához visszatért – a mindenható! Sokáig a megfiatalítás titka — kóroktől való megszabadulás, nagy élethossz &hellip;</p>
<p class="read-more"> <a class="more-link" href="https://ironfist.hu/hu/"> <span class="screen-reader-text">Epigramma</span> Tovább &raquo;</a></p>
