{"id":160,"date":"2013-09-22T14:31:51","date_gmt":"2013-09-22T14:31:51","guid":{"rendered":"http:\/\/localhost\/wp1\/?page_id=160"},"modified":"2014-09-22T12:56:56","modified_gmt":"2014-09-22T12:56:56","slug":"open-letter","status":"publish","type":"page","link":"https:\/\/ironfist.hu\/hu\/about\/open-letter\/","title":{"rendered":"Vas\u00f6k\u00f6l tanul\u00f3inak a ny\u00edlt levele"},"content":{"rendered":"<p><\/p>\n<h3 align=\"center\">\u00dcdv\u00f6z\u00f6lj\u00fck!<\/h3>\n<p align=\"JUSTIFY\">Mi a Vas\u00f6k\u00f6l harcm\u0171v\u00e9szeti iskol\u00e1t k\u00e9pvisel\u00fcnk Budapesten.<\/p>\n<p align=\"JUSTIFY\">Az iskol\u00e1nk 1993 \u00f3ta l\u00e9tezik. Teljesen \u00faj \u00e9s abszolut egyed\u00fcl\u00e1ll\u00f3 \u00f6ngy\u00f3gy\u00edt\u00e1si rendszert szeretn\u00e9nk bemutatni, amely m\u00e1r \u00e9vek \u00f3ta meggy\u00f3gy\u00edtja a betegs\u00e9geket \u00e9s seg\u00edt visszanyerni az eg\u00e9szs\u00e9get mindenkinek. T\u00f6bbsz\u00f6r szerepelt\u00fcnk magyar televizi\u00f3ban. Az iskola alap\u00edt\u00f3ja &#8211; Vadij\u00e1nc Jurij &#8211; keleti harcm\u0171v\u00e9szetek nagymestere, t\u00f6bb harcm\u0171v\u00e9szeti ir\u00e1nyzat fejleszt\u0151je \u00e9s \u00f6ngy\u00f3gy\u00edt\u00e1si ir\u00e1nyzat vezet\u0151je.<\/p>\n<p align=\"JUSTIFY\">Tud\u00e1sunkkal \u00f6r\u00f6mmel seg\u00edten\u00e9nk ak\u00e1r t\u00f6bbsz\u00e1z gyerek, kamasz \u00e9s feln\u00f6tt gy\u00f3gy\u00edt\u00e1s\u00e1ban. H\u00edres embereknek seg\u00edthetn\u00e9nk m\u0171v\u00e9szeti \u00e9let\u00fck meghosszabb\u00edt\u00e1s\u00e1ban.<\/p>\n<p align=\"JUSTIFY\">K\u00f6sz\u00f6nj\u00fck!<\/p>\n<p align=\"RIGHT\"><strog>Vas\u00f6k\u00f6l tanul\u00f3i<br \/>\nBudapest, 2012, november 21.<\/strog><\/p>\n<p><\/p>","protected":false},"excerpt":{"rendered":"<p>\u00dcdv\u00f6z\u00f6lj\u00fck! Mi a Vas\u00f6k\u00f6l harcm\u0171v\u00e9szeti iskol\u00e1t k\u00e9pvisel\u00fcnk Budapesten. Az iskol\u00e1nk 1993 \u00f3ta l\u00e9tezik. Teljesen \u00faj \u00e9s abszolut egyed\u00fcl\u00e1ll\u00f3 \u00f6ngy\u00f3gy\u00edt\u00e1si rendszert szeretn\u00e9nk bemutatni, amely m\u00e1r \u00e9vek \u00f3ta meggy\u00f3gy\u00edtja a betegs\u00e9geket \u00e9s seg\u00edt visszanyerni az eg\u00e9szs\u00e9get mindenkinek. T\u00f6bbsz\u00f6r szerepelt\u00fcnk magyar televizi\u00f3ban. Az &hellip;<\/p>\n<p class=\"read-more\"> <a class=\"more-link\" href=\"https:\/\/ironfist.hu\/hu\/about\/open-letter\/\"> <span class=\"screen-reader-text\">Vas\u00f6k\u00f6l tanul\u00f3inak a ny\u00edlt levele<\/span> Tov\u00e1bb &raquo;<\/a><\/p>\n","protected":false},"author":1,"featured_media":0,"parent":102,"menu_order":740,"comment_status":"closed","ping_status":"closed","template":"","meta":{"footnotes":""},"class_list":["post-160","page","type-page","status-publish","hentry"],"_links":{"self":[{"href":"https:\/\/ironfist.hu\/hu\/wp-json\/wp\/v2\/pages\/160"}],"collection":[{"href":"https:\/\/ironfist.hu\/hu\/wp-json\/wp\/v2\/pages"}],"about":[{"href":"https:\/\/ironfist.hu\/hu\/wp-json\/wp\/v2\/types\/page"}],"author":[{"embeddable":true,"href":"https:\/\/ironfist.hu\/hu\/wp-json\/wp\/v2\/users\/1"}],"replies":[{"embeddable":true,"href":"https:\/\/ironfist.hu\/hu\/wp-json\/wp\/v2\/comments?post=160"}],"version-history":[{"count":2,"href":"https:\/\/ironfist.hu\/hu\/wp-json\/wp\/v2\/pages\/160\/revisions"}],"predecessor-version":[{"id":414,"href":"https:\/\/ironfist.hu\/hu\/wp-json\/wp\/v2\/pages\/160\/revisions\/414"}],"up":[{"embeddable":true,"href":"https:\/\/ironfist.hu\/hu\/wp-json\/wp\/v2\/pages\/102"}],"wp:attachment":[{"href":"https:\/\/ironfist.hu\/hu\/wp-json\/wp\/v2\/media?parent=160"}],"curies":[{"name":"wp","href":"https:\/\/api.w.org\/{rel}","templated":true}]}}

Vasököl tanulóinak a nyílt levele

<p></p>
<h3 align="center">Üdvözöljük!</h3>
<p align="JUSTIFY">Mi a Vasököl harcművészeti iskolát képviselünk Budapesten.</p>
<p align="JUSTIFY">Az iskolánk 1993 óta létezik. Teljesen új és abszolut egyedülálló öngyógyítási rendszert szeretnénk bemutatni, amely már évek óta meggyógyítja a betegségeket és segít visszanyerni az egészséget mindenkinek. Többször szerepeltünk magyar televizióban. Az iskola alapítója &#8211; Vadijánc Jurij &#8211; keleti harcművészetek nagymestere, több harcművészeti irányzat fejlesztője és öngyógyítási irányzat vezetője.</p>
<p align="JUSTIFY">Tudásunkkal örömmel segítenénk akár többszáz gyerek, kamasz és felnött gyógyításában. Híres embereknek segíthetnénk művészeti életük meghosszabbításában.</p>
<p align="JUSTIFY">Köszönjük!</p>
<p align="RIGHT"><strog>Vasököl tanulói<br />
Budapest, 2012, november 21.</strog></p>
<p></p>

<p>Üdvözöljük! Mi a Vasököl harcművészeti iskolát képviselünk Budapesten. Az iskolánk 1993 óta létezik. Teljesen új és abszolut egyedülálló öngyógyítási rendszert szeretnénk bemutatni, amely már évek óta meggyógyítja a betegségeket és segít visszanyerni az egészséget mindenkinek. Többször szerepeltünk magyar televizióban. Az &hellip;</p>
<p class="read-more"> <a class="more-link" href="https://ironfist.hu/hu/about/open-letter/"> <span class="screen-reader-text">Vasököl tanulóinak a nyílt levele</span> Tovább &raquo;</a></p>
